{"id":12,"date":"2023-06-16T18:20:44","date_gmt":"2023-06-16T16:20:44","guid":{"rendered":"https:\/\/svenskamagasinet.es\/bostadsguiden\/?page_id=12"},"modified":"2025-03-11T22:40:43","modified_gmt":"2025-03-11T21:40:43","slug":"bostadsguiden","status":"publish","type":"page","link":"https:\/\/svenskamagasinet.es\/bostadsguiden\/","title":{"rendered":"Bostadsguiden"},"content":{"rendered":"<p>[et_pb_section fb_built=&#8221;1&#8243; _builder_version=&#8221;4.21.0&#8243; _module_preset=&#8221;default&#8221; background_color=&#8221;#f2f2f2&#8243; global_colors_info=&#8221;{}&#8221;][et_pb_row column_structure=&#8221;2_3,1_3&#8243; _builder_version=&#8221;4.21.0&#8243; _module_preset=&#8221;default&#8221; global_colors_info=&#8221;{}&#8221;][et_pb_column type=&#8221;2_3&#8243; _builder_version=&#8221;4.21.0&#8243; _module_preset=&#8221;default&#8221; global_colors_info=&#8221;{}&#8221;][et_pb_text _builder_version=&#8221;4.21.0&#8243; _module_preset=&#8221;default&#8221; global_colors_info=&#8221;{}&#8221;]<\/p>\n<h1><span>Skapa en gratis f\u00f6rfr\u00e5gan f\u00f6r att hitta en bostad i Spanien<\/span><\/h1>\n<p><span>OBS! F\u00f6r tillf\u00e4llet kan vi endast f\u00f6rmedla de som \u00e4r intresserade av att k\u00f6pa bostad i Spanien. Vi arbetar p\u00e5 en l\u00f6sning \u00e4ven f\u00f6r hyresintressenter.\u00a0<\/p>\n<p>Svenska Magasinet hj\u00e4lper skandinaver att hitta r\u00e4tt bostad i Spanien. Vi \u00e4r oberoende, s\u00e4ljer inga fastigheter, men vi har l\u00e5ng erfarenhet av den spanska fastighetsmarknaden. Vi hj\u00e4lper dig att komma till r\u00e4tt beslut utifr\u00e5n dina egna \u00f6nskem\u00e5l och intressen utan att det kostar dig n\u00e5got alls.<\/span><\/p>\n<p>[\/et_pb_text][et_pb_text _builder_version=&#8221;4.21.0&#8243; _module_preset=&#8221;default&#8221; global_colors_info=&#8221;{}&#8221;]<\/p>\n<div class=\"meSK8 M7eMe\" role=\"heading\" aria-level=\"2\"><strong>N\u00e5gra uppgifter om dig<\/strong><\/div>\n<div class=\"spb5Rd OIC90c\">F\u00f6r att komma i kontakt med dig s\u00e5 beh\u00f6ver vi n\u00e5gra ytterligare uppgifter.<\/div>\n<p>[\/et_pb_text][\/et_pb_column][et_pb_column type=&#8221;1_3&#8243; _builder_version=&#8221;4.21.0&#8243; _module_preset=&#8221;default&#8221; global_colors_info=&#8221;{}&#8221;][et_pb_image src=&#8221;https:\/\/svenskamagasinet.es\/bostadsguiden\/wp-content\/uploads\/2023\/06\/bostadsguiden.jpg&#8221; title_text=&#8221;bostadsguiden&#8221; _builder_version=&#8221;4.21.0&#8243; _module_preset=&#8221;default&#8221; box_shadow_style=&#8221;preset3&#8243; global_colors_info=&#8221;{}&#8221;][\/et_pb_image][\/et_pb_column][\/et_pb_row][et_pb_row _builder_version=&#8221;4.21.0&#8243; _module_preset=&#8221;default&#8221; global_colors_info=&#8221;{}&#8221;][et_pb_column type=&#8221;4_4&#8243; _builder_version=&#8221;4.21.0&#8243; _module_preset=&#8221;default&#8221; global_colors_info=&#8221;{}&#8221;][et_pb_contact_form use_spam_service=&#8221;on&#8221; recaptcha_list=&#8221;svenskamagasinetes-0&#8243; custom_message=&#8221;Du har f\u00e5tt en gratis f\u00f6rfr\u00e5gan f\u00f6r att hitta en bostad i Spanien||et_pb_line_break_holder||||et_pb_line_break_holder||Namn: %%Name%%||et_pb_line_break_holder||Telefon: %%Telefon%%||et_pb_line_break_holder||E-post: %%Email%%||et_pb_line_break_holder||Intresserad av omr\u00e5de: %%omrade%%||et_pb_line_break_holder||Intresse av att: %%sale-rent-cds%% %%sale-rent-cb%%||et_pb_line_break_holder||S\u00f6ker bostadstyp: %%typ%%||et_pb_line_break_holder||Antal sovrum: %%sovrum%%||et_pb_line_break_holder||Vistelse i Spanien: %%when%%||et_pb_line_break_holder||Budget: %%budget%%||et_pb_line_break_holder||\u00d6vriga kommentarer: %%Message%%&#8221; _builder_version=&#8221;4.27.4&#8243; _module_preset=&#8221;default&#8221; _unique_id=&#8221;de52b2fc-2f00-441e-a598-6e0e43fab328&#8243; form_field_background_color=&#8221;#FFFFFF&#8221; custom_button=&#8221;on&#8221; button_text_color=&#8221;#FFFFFF&#8221; button_bg_color=&#8221;#4662ab&#8221; button_border_width=&#8221;0px&#8221; hover_enabled=&#8221;0&#8243; use_conditional_emails=&#8221;on&#8221; conditional_email_pattern=&#8221;omrade::Costa del Sol:costadelsol@husmanhagberg.com|Costa Blanca:mayis.garoian@notar.se&#8221; admin_email_subject=&#8221;F\u00f6rfr\u00e5gan fr\u00e5n Bostadsguidens formul\u00e4r&#8221; admin_email_from_name=&#8221;Svenska Magasinets Bostadsguide&#8221; admin_email_cc=&#8221;info@svenskamagasinet.nu&#8221; admin_email_bcc=&#8221;mike@svenskamagasinet.nu, johan@svenskamagasinet.nu&#8221; global_colors_info=&#8221;{}&#8221; sticky_enabled=&#8221;0&#8243;][et_pb_contact_field field_id=&#8221;Name&#8221; field_title=&#8221;Namn&#8221; fullwidth_field=&#8221;on&#8221; _builder_version=&#8221;4.21.0&#8243; use_field_placeholder=&#8221;on&#8221; field_description=&#8221;F\u00f6r- och efternamn *&#8221; field_description_location=&#8221;above&#8221; global_colors_info=&#8221;{}&#8221; button_text_size__hover_enabled=&#8221;off&#8221; button_one_text_size__hover_enabled=&#8221;off&#8221; button_two_text_size__hover_enabled=&#8221;off&#8221; button_text_color__hover_enabled=&#8221;off&#8221; button_one_text_color__hover_enabled=&#8221;off&#8221; button_two_text_color__hover_enabled=&#8221;off&#8221; button_border_width__hover_enabled=&#8221;off&#8221; button_one_border_width__hover_enabled=&#8221;off&#8221; button_two_border_width__hover_enabled=&#8221;off&#8221; button_border_color__hover_enabled=&#8221;off&#8221; button_one_border_color__hover_enabled=&#8221;off&#8221; button_two_border_color__hover_enabled=&#8221;off&#8221; button_border_radius__hover_enabled=&#8221;off&#8221; button_one_border_radius__hover_enabled=&#8221;off&#8221; button_two_border_radius__hover_enabled=&#8221;off&#8221; button_letter_spacing__hover_enabled=&#8221;off&#8221; button_one_letter_spacing__hover_enabled=&#8221;off&#8221; button_two_letter_spacing__hover_enabled=&#8221;off&#8221; button_bg_color__hover_enabled=&#8221;off&#8221; button_one_bg_color__hover_enabled=&#8221;off&#8221; button_two_bg_color__hover_enabled=&#8221;off&#8221;][\/et_pb_contact_field][et_pb_contact_field field_id=&#8221;Telefon&#8221; fullwidth_field=&#8221;on&#8221; _builder_version=&#8221;4.21.0&#8243; _module_preset=&#8221;default&#8221; use_field_placeholder=&#8221;on&#8221; field_description=&#8221;Ditt telefonnummer *&#8221; field_description_location=&#8221;above&#8221; global_colors_info=&#8221;{}&#8221;][\/et_pb_contact_field][et_pb_contact_field field_id=&#8221;Email&#8221; field_title=&#8221;E-postadress&#8221; field_type=&#8221;email&#8221; fullwidth_field=&#8221;on&#8221; _builder_version=&#8221;4.21.0&#8243; use_field_placeholder=&#8221;on&#8221; field_description=&#8221;Din E-post *&#8221; field_description_location=&#8221;above&#8221; global_colors_info=&#8221;{}&#8221; button_text_size__hover_enabled=&#8221;off&#8221; button_one_text_size__hover_enabled=&#8221;off&#8221; button_two_text_size__hover_enabled=&#8221;off&#8221; button_text_color__hover_enabled=&#8221;off&#8221; button_one_text_color__hover_enabled=&#8221;off&#8221; button_two_text_color__hover_enabled=&#8221;off&#8221; button_border_width__hover_enabled=&#8221;off&#8221; button_one_border_width__hover_enabled=&#8221;off&#8221; button_two_border_width__hover_enabled=&#8221;off&#8221; button_border_color__hover_enabled=&#8221;off&#8221; button_one_border_color__hover_enabled=&#8221;off&#8221; button_two_border_color__hover_enabled=&#8221;off&#8221; button_border_radius__hover_enabled=&#8221;off&#8221; button_one_border_radius__hover_enabled=&#8221;off&#8221; button_two_border_radius__hover_enabled=&#8221;off&#8221; button_letter_spacing__hover_enabled=&#8221;off&#8221; button_one_letter_spacing__hover_enabled=&#8221;off&#8221; button_two_letter_spacing__hover_enabled=&#8221;off&#8221; button_bg_color__hover_enabled=&#8221;off&#8221; button_one_bg_color__hover_enabled=&#8221;off&#8221; button_two_bg_color__hover_enabled=&#8221;off&#8221;][\/et_pb_contact_field][et_pb_contact_field field_id=&#8221;omrade&#8221; field_title=&#8221;Vilket eller vilka omr\u00e5den \u00e4r du intresserad av?&#8221; field_type=&#8221;radio&#8221; radio_options=&#8221;%91{%22value%22:%22Costa del Sol%22,%22checked%22:1,%22dragID%22:-1},{%22value%22:%22Costa Blanca%22,%22checked%22:0,%22dragID%22:0}%93&#8243; fullwidth_field=&#8221;on&#8221; _builder_version=&#8221;4.21.0&#8243; _module_preset=&#8221;default&#8221; use_field_label_cr=&#8221;off&#8221; field_description=&#8221;Vilken form av boende s\u00f6ker du? *&#8221; field_description_location=&#8221;above&#8221; global_colors_info=&#8221;{}&#8221;][\/et_pb_contact_field][et_pb_contact_field field_id=&#8221;sale-rent-cds&#8221; field_title=&#8221;Uppgifter om boendet. H\u00e4r nedan f\u00f6ljer n\u00e5gra fr\u00e5gor om boendet. Fyll i s\u00e5 mycket du vet just nu f\u00f6r att f\u00e5 b\u00e4sta m\u00f6jliga \u00e5terkoppling.&#8221; field_type=&#8221;radio&#8221; radio_options=&#8221;%91{%22value%22:%22K\u00f6pa%22,%22checked%22:1,%22dragID%22:-1},{%22value%22:%22S\u00e4lja%22,%22checked%22:0,%22dragID%22:0}%93&#8243; fullwidth_field=&#8221;on&#8221; conditional_logic=&#8221;on&#8221; conditional_logic_rules=&#8221;%91{%22field%22:%22omrade%22,%22condition%22:%22is%22,%22value%22:%22Costa del Sol%22}%93&#8243; _builder_version=&#8221;4.27.4&#8243; _module_preset=&#8221;default&#8221; hover_enabled=&#8221;0&#8243; field_description=&#8221;\u00c4r du intresserad av att k\u00f6pa, s\u00e4lja eller hyra bostad? *&#8221; field_description_location=&#8221;above&#8221; global_colors_info=&#8221;{}&#8221; sticky_enabled=&#8221;0&#8243;][\/et_pb_contact_field][et_pb_contact_field field_id=&#8221;sale-rent-cb&#8221; field_title=&#8221;Uppgifter om boendet. H\u00e4r nedan f\u00f6ljer n\u00e5gra fr\u00e5gor om boendet. Fyll i s\u00e5 mycket du vet just nu f\u00f6r att f\u00e5 b\u00e4sta m\u00f6jliga \u00e5terkoppling.&#8221; field_type=&#8221;radio&#8221; radio_options=&#8221;%91{%22value%22:%22K\u00f6pa%22,%22checked%22:1,%22dragID%22:-1},{%22value%22:%22S\u00e4lja%22,%22checked%22:0,%22dragID%22:0}%93&#8243; fullwidth_field=&#8221;on&#8221; conditional_logic=&#8221;on&#8221; conditional_logic_rules=&#8221;%91{%22field%22:%22omrade%22,%22condition%22:%22is%22,%22value%22:%22Costa Blanca%22}%93&#8243; _builder_version=&#8221;4.21.0&#8243; _module_preset=&#8221;default&#8221; field_description=&#8221;\u00c4r du intresserad av att k\u00f6pa eller s\u00e4lja bostad? *&#8221; field_description_location=&#8221;above&#8221; global_colors_info=&#8221;{}&#8221;][\/et_pb_contact_field][et_pb_contact_field field_id=&#8221;typ&#8221; field_title=&#8221;Vilken form av boende s\u00f6ker du? *&#8221; field_type=&#8221;checkbox&#8221; checkbox_options=&#8221;%91{%22value%22:%22L\u00e4genhet%22,%22checked%22:0,%22dragID%22:-1},{%22value%22:%22Villa%22,%22checked%22:0,%22dragID%22:0},{%22value%22:%22Radhus%22,%22checked%22:0,%22dragID%22:1},{%22value%22:%22Modernt%22,%22checked%22:0,%22dragID%22:3},{%22value%22:%22Traditionellt%22,%22checked%22:0,%22dragID%22:4},{%22value%22:%22Annat%22,%22checked%22:0,%22dragID%22:2}%93&#8243; fullwidth_field=&#8221;on&#8221; _builder_version=&#8221;4.21.0&#8243; _module_preset=&#8221;default&#8221; use_field_label_cr=&#8221;off&#8221; field_description=&#8221;Vilken form av boende s\u00f6ker du? *&#8221; field_description_location=&#8221;above&#8221; global_colors_info=&#8221;{}&#8221;][\/et_pb_contact_field][et_pb_contact_field field_id=&#8221;sovrum&#8221; field_title=&#8221;Hur m\u00e5nga sovrum \u00e4r aktuellt?&#8221; field_type=&#8221;checkbox&#8221; checkbox_options=&#8221;%91{%22value%22:%221%22,%22checked%22:0,%22dragID%22:-1},{%22value%22:%222%22,%22checked%22:0,%22dragID%22:0},{%22value%22:%223%22,%22checked%22:0,%22dragID%22:1},{%22value%22:%224%22,%22checked%22:0,%22dragID%22:2},{%22value%22:%225 eller fler%22,%22checked%22:0,%22dragID%22:3}%93&#8243; fullwidth_field=&#8221;on&#8221; _builder_version=&#8221;4.21.0&#8243; _module_preset=&#8221;default&#8221; use_field_label_cr=&#8221;off&#8221; field_description=&#8221;Hur m\u00e5nga sovrum \u00e4r aktuellt?&#8221; field_description_location=&#8221;above&#8221; global_colors_info=&#8221;{}&#8221;][\/et_pb_contact_field][et_pb_contact_field field_id=&#8221;when&#8221; field_title=&#8221;N\u00e4r avser du att resa till Spanien f\u00f6r att titta p\u00e5 intressanta bost\u00e4der? *&#8221; field_type=&#8221;radio&#8221; radio_options=&#8221;%91{%22value%22:%22Om 1-3 m\u00e5nader%22,%22checked%22:0,%22dragID%22:-1},{%22value%22:%22Om 3-6 m\u00e5nader%22,%22checked%22:0,%22dragID%22:0},{%22value%22:%22Om mer \u00e4n 6 m\u00e5nader%22,%22checked%22:0,%22dragID%22:1}%93&#8243; fullwidth_field=&#8221;on&#8221; _builder_version=&#8221;4.21.0&#8243; _module_preset=&#8221;default&#8221; use_field_label_cr=&#8221;off&#8221; field_description=&#8221;N\u00e4r avser du att resa till Spanien f\u00f6r att titta p\u00e5 intressanta bost\u00e4der? *&#8221; field_description_location=&#8221;above&#8221; global_colors_info=&#8221;{}&#8221;][\/et_pb_contact_field][et_pb_contact_field field_id=&#8221;budget&#8221; field_title=&#8221;Ange din budget i euro *&#8221; fullwidth_field=&#8221;on&#8221; _builder_version=&#8221;4.21.0&#8243; _module_preset=&#8221;default&#8221; use_field_placeholder=&#8221;on&#8221; field_description=&#8221;Ange din budget i euro *&#8221; field_description_location=&#8221;above&#8221; global_colors_info=&#8221;{}&#8221;][\/et_pb_contact_field][et_pb_contact_field field_id=&#8221;Message&#8221; field_title=&#8221;\u00d6vriga kommentarer&#8221; field_type=&#8221;text&#8221; fullwidth_field=&#8221;on&#8221; _builder_version=&#8221;4.21.0&#8243; use_field_placeholder=&#8221;on&#8221; field_description=&#8221;\u00d6vriga kommentarer&#8221; field_description_location=&#8221;above&#8221; global_colors_info=&#8221;{}&#8221; button_text_size__hover_enabled=&#8221;off&#8221; button_one_text_size__hover_enabled=&#8221;off&#8221; button_two_text_size__hover_enabled=&#8221;off&#8221; button_text_color__hover_enabled=&#8221;off&#8221; button_one_text_color__hover_enabled=&#8221;off&#8221; button_two_text_color__hover_enabled=&#8221;off&#8221; button_border_width__hover_enabled=&#8221;off&#8221; button_one_border_width__hover_enabled=&#8221;off&#8221; button_two_border_width__hover_enabled=&#8221;off&#8221; button_border_color__hover_enabled=&#8221;off&#8221; button_one_border_color__hover_enabled=&#8221;off&#8221; button_two_border_color__hover_enabled=&#8221;off&#8221; button_border_radius__hover_enabled=&#8221;off&#8221; button_one_border_radius__hover_enabled=&#8221;off&#8221; button_two_border_radius__hover_enabled=&#8221;off&#8221; button_letter_spacing__hover_enabled=&#8221;off&#8221; button_one_letter_spacing__hover_enabled=&#8221;off&#8221; button_two_letter_spacing__hover_enabled=&#8221;off&#8221; button_bg_color__hover_enabled=&#8221;off&#8221; button_one_bg_color__hover_enabled=&#8221;off&#8221; button_two_bg_color__hover_enabled=&#8221;off&#8221;][\/et_pb_contact_field][\/et_pb_contact_form][\/et_pb_column][\/et_pb_row][\/et_pb_section]<\/p>\n","protected":false},"excerpt":{"rendered":"<p>Skapa en gratis f\u00f6rfr\u00e5gan f\u00f6r att hitta en bostad i Spanien OBS! F\u00f6r tillf\u00e4llet kan vi endast f\u00f6rmedla de som \u00e4r intresserade av att k\u00f6pa bostad i Spanien. Vi arbetar p\u00e5 en l\u00f6sning \u00e4ven f\u00f6r hyresintressenter.\u00a0 Svenska Magasinet hj\u00e4lper skandinaver att hitta r\u00e4tt bostad i Spanien. Vi \u00e4r oberoende, s\u00e4ljer inga fastigheter, men vi har [&hellip;]<\/p>\n","protected":false},"author":1,"featured_media":0,"parent":0,"menu_order":0,"comment_status":"closed","ping_status":"closed","template":"","meta":{"_et_pb_use_builder":"on","_et_pb_old_content":"","_et_gb_content_width":"","footnotes":""},"class_list":["post-12","page","type-page","status-publish","hentry"],"_links":{"self":[{"href":"https:\/\/svenskamagasinet.es\/bostadsguiden\/wp-json\/wp\/v2\/pages\/12","targetHints":{"allow":["GET"]}}],"collection":[{"href":"https:\/\/svenskamagasinet.es\/bostadsguiden\/wp-json\/wp\/v2\/pages"}],"about":[{"href":"https:\/\/svenskamagasinet.es\/bostadsguiden\/wp-json\/wp\/v2\/types\/page"}],"author":[{"embeddable":true,"href":"https:\/\/svenskamagasinet.es\/bostadsguiden\/wp-json\/wp\/v2\/users\/1"}],"replies":[{"embeddable":true,"href":"https:\/\/svenskamagasinet.es\/bostadsguiden\/wp-json\/wp\/v2\/comments?post=12"}],"version-history":[{"count":55,"href":"https:\/\/svenskamagasinet.es\/bostadsguiden\/wp-json\/wp\/v2\/pages\/12\/revisions"}],"predecessor-version":[{"id":2105,"href":"https:\/\/svenskamagasinet.es\/bostadsguiden\/wp-json\/wp\/v2\/pages\/12\/revisions\/2105"}],"wp:attachment":[{"href":"https:\/\/svenskamagasinet.es\/bostadsguiden\/wp-json\/wp\/v2\/media?parent=12"}],"curies":[{"name":"wp","href":"https:\/\/api.w.org\/{rel}","templated":true}]}}